a) = 23*a**2 - 5*a + 20. Let p(d) = 3*m(d) + 7*y(d). What is p(f)?
2
Let g(z) = 187768*z + z**2 - 10 + 1 - 187753*z. Determine g(-16).
7
Let a(f) = f - 18. Let x = -3539 + 3545. Calculate a(x).
-12
Let u(n) = 9*n + 43*n**2 - 9*n - 33 + 32. What is u(1)?
42
Let k(i) = 9*i**2 + 0 - 13*i**2 + 2 + 8*i**2 + i. Let v(n) = n**3 + 6*n**2 - 6*n + 21. Let m be v(-7). Suppose y - m = -3*h - h, y + h - 5 = 0. Calculate k(y).
20
Suppose 0*y + 48 = 3*b - 5*y, 0 = 2*b - 4*y - 34. Let c(g) = 10*g - b*g - 4 + 4*g. Let p be (-74)/(-14) - 4/14. Calculate c(p).
11
Let o(j) = -j**3 - 2*j**2 - 7*j - 1. Let h(k) = 16*k**2 + 17*k - 10. Let m(b) = h(b) + 2*o(b). Determine m(6).
6
Let h(s) = s**3 - 3*s + 1. Let c(m) = 16*m - 163. Let a be c(13). Let u be (4/(-10))/((-22 - -13)/a). Calculate h(u).
3
Let y(d) = d**3 + 3*d**2 - 5*d. Suppose 18 = -9*z + 198. Suppose -36 - z = 4*w. Let k = w - -10. Give y(k).
4
Suppose 0 = -125*p + 86*p - 117. Let j(h) = -h**3 - 5*h**2 - 18*h - 33. Give j(p).
3
Let j = -364 + 407. Let v(k) = -9 + 3*k**2 - 2*k**2 + j*k - 25*k - 26*k. What is v(8)?
-9
Let x(n) = n**3 - 8*n - 17. Let f be 24/(-80)*(-340)/(-51). Determine x(f).
-9
Let s be (2/6)/((-400)/(-135) + -3). Let f(y) = y**2 + 9*y - 22. Calculate f(s).
-22
Let i(m) be the first derivative of -m**2/2 + 38*m - 1440. Calculate i(12).
26
Let c = 62 - 74. Let t(i) = 2*i + 71 - 129 + 76. Determine t(c).
-6
Let n(q) = 46*q + 102*q - 137*q - 86. Give n(8).
2
Let z(w) = 3*w + 145. Suppose -306*f - 113*f - 17217 = 4571. Calculate z(f).
-11
Let o(v) = -v**2 + 6*v - 4. Let c(p) = -p**2 + 3*p + 16. Let d be (-2)/5*225/(-18). Let b be c(d). Determine o(b).
-4
Let c(u) = 7*u - 3. Let w(o) = -14*o - 14. Let y(z) = 7*c(z) + 3*w(z). Calculate y(8).
-7
Let f(u) = -26*u + 393. Suppose 0 = -52*o - 331 + 1111. Give f(o).
3
Suppose 58*l - 152 = 20*l. Let a(v) = 2*v**2 - 9*v + 12. What is a(l)?
8
Let v = 4022 - 4019. Let u(f) = -f**3 + 4*f**2 - 2*f - 4. Calculate u(v).
-1
Let j(z) = z**2 + 15*z + 18. Suppose 3*n = 15*n. Suppose n = -o + 17 - 30. Calculate j(o).
-8
Let m(p) be the first derivative of -13*p**4/4 - p**3/3 + p**2/2 - p + 1470. Let j(a) = -a + 1. Let n = 1 - 1. Let y be j(n). Give m(y).
-14
Let l be 9*1/(-6)*(-4)/3. Let a(q) = -51*q**l + 0*q**3 + 25*q**2 + 9*q + 34*q**2 + 6 + q**3. Give a(-7).
-8
Let j be (8/(-16) + 10/12)/(2/(-18)). Let g(u) = -3*u**2 - 4*u - 3. Determine g(j).
-18
Let d = 84335 + -84337. Let s(z) = 2*z + 0*z**2 + 2*z**2 + 2 - 3*z**3 + 4*z**3. Determine s(d).
-2
Let f(w) = 2*w + 32. Suppose 0 = 55*s + 109*s + 2460. Determine f(s).
2
Let c(k) = k**3 + 6*k**2 - 2*k - 8. Let w be (((-20)/(-8))/(-1))/(48/96). Give c(w).
27
Let a(v) = 1 - 11 + 3*v + 0*v. Let r be (-5 + (-1 - 0))*1239/(-826). Calculate a(r).
17
Let r(u) = -50*u - 59*u**3 + 60*u**3 + 1 + 2*u**2 + 51*u. Let a(c) = -5*c**3 - 17*c**2 - 11*c - 1. Let l(t) = -a(t) - 6*r(t). Calculate l(4).
31
Suppose 0 = -5*i + 19 + 1, 0 = 4*s + i - 40. Let j(b) = 3 - 6 - 2 - b + 0. Determine j(s).
-14
Let t(z) = 16*z**3 - 20*z**2 + 9*z - 9. Let k(c) = -6*c**3 + 7*c**2 - 3*c + 3. Let q(a) = 17*k(a) + 6*t(a). Give q(2).
-49
Let g(b) be the second derivative of -b**3/6 - 41*b**2/2 + 4160*b - 2. Calculate g(-34).
-7
Let d(a) = -a**3 + 12*a**2 - 15*a + 52. Let w be d(11). Let v = 17 + -15. Let i(m) = 12 - 5*m**2 - 4*m**2 - 10*m + 10*m**v. Give i(w).
-4
Let b(m) = 3*m - 4 - 13*m**2 + 6*m**2 - 11*m**2 + 16 + 17*m**2. Calculate b(4).
8
Let g(j) be the third derivative of -j**4/24 + 11*j**3/6 + 19*j**2. Let u be (-20)/(-14) - 6/14. Let q be -2 + (u - 0) + -2 + 3. Give g(q).
11
Let r(h) = h**3 - 2*h**2 - h - 1. Let q be r(2). Let v(y) = -3 + 229*y - 1 + 229*y + 232*y + 6 - 693*y - y**2. What is v(q)?
2
Let j(a) = -19*a - 106. Suppose q + 3*n = 6, 0*n + n = 4*q + 28. Give j(q).
8
Let t(d) = -d**2 + 2*d + 15. Let y(c) = c**3 - 53*c**2 + 150*c + 5. Let j be y(50). What is t(j)?
0
Let u(t) = 53*t + 10. Let n(j) = 42*j + 9. Let c(w) = -5*n(w) + 4*u(w). Let q be 6/9 + 6/(-9). Suppose a - 2 + 6 = q. Calculate c(a).
-13
Let f(o) = -o - 18*o - 8 - 6*o**2 + 31*o + 5*o**2. Let m(t) = t**2 + 2*t - 9. Let r be m(3). What is f(r)?
28
Let h(z) = z**2 + 6*z. Let y(v) = 3*v**2 + 5*v - 7. Let w be y(3). Suppose -11*r + 42 = -w. Suppose a - 1 = -r. Determine h(a).
0
Let z(d) be the second derivative of d**4/12 - 4*d**3/3 + 4*d**2 + 646*d. What is z(1)?
1
Let o = -9 + 13. Let x(h) = -h + h**2 + 29*h**2 + 4 - 20*h**2 + 0*h**2 - 7*h**2 - h**3. Determine x(o).
-16
Let s(q) = 2*q - 2. Suppose -3*w - 5 + 11 = 0, 0 = -5*g - 2*w + 4. Suppose g = t - 6*t + 50. Let r be t*(54/(-15) + 4). What is s(r)?
6
Let f(k) = -10*k + 11*k + 7*k + 2*k - 122 - 6*k. What is f(32)?
6
Suppose -962*t = -937*t + 79 - 29. Let j(s) be the first derivative of -1/2*s**2 - 2*s + 2 - 1/3*s**3. Give j(t).
-4
Let y(f) be the first derivative of f**4/4 - 7*f**3/3 - 9*f**2/2 + 8*f + 3112. Calculate y(8).
0
Suppose 22*d - 52 = -4*x + 17*d, 52 = 4*x + d. Let y(l) = 7 - 11 - x*l + 10*l - 5*l - 8 - l**2. Calculate y(-5).
3
Let l(x) = 2*x**2 - 10*x - 53. Let p be ((-3404)/(-138) - 23)/((-5)/(-24)). Determine l(p).
-5
Suppose 8*k = 3233 - 537. Let x(s) = -10*s - k*s**2 - 334*s**2 + 672*s**2. Determine x(10).
0
Suppose -2*i = 93*p - 88*p - 24, 2*p + 3 = -5*i. Let k(a) = -11*a**2 - 42*a - 11. Give k(i).
16
Suppose -9*z = -21*z + 84. Let m(b) = 10*b**2 + z*b - 4*b - b - b. Let x(o) = o**2 + 2*o - 1. Let a be x(-2). Give m(a).
9
Let b(v) = -132*v - 31. Let f(w) = -371*w - 92. Let k(t) = 17*b(t) - 6*f(t). Determine k(1).
7
Let c(h) = -h**2 - 31*h - 46. Let r be (504/(-315))/(3 + 309/(-105)). Determine c(r).
38
Let h(s) = 4*s + 32. Let f be h(-9). Let r(l) = 2*l**2 + 9*l + 8. Let b be r(f). Let j(x) = -3*x + 5. Let k be j(b). Let w(d) = d**2 + 9*d + 5. What is w(k)?
-9
Let y(v) = 12*v**2 - 20 + 1 - 5*v**2 - 4*v - 8*v**2 + 14. What is y(-2)?
-1
Let z(d) be the second derivative of -d**4/12 - 5*d**3/6 - 2*d**2 + 2285*d. Determine z(7).
-88
Let r(k) = -k**3 + 5*k**2 + 4*k. Let d = -264 - -261. What is r(d)?
60
Suppose 15*a + 4927 - 5062 = 0. Let u(l) = -l**3 + 10*l**2 - 8*l - 14. What is u(a)?
-5
Suppose 17 = 6*t - 79. Let x be 12*((-12)/t - 1 - -2). Let s(o) = o**2 + o. Give s(x).
12
Suppose 2*a = -a + 5*a. Suppose a = -3*c + 4*i + 37, 43 = 3*c - c + i. Suppose 12*h = c + 29. Let g(u) = -u**3 + 6*u**2 - 7*u + 5. Determine g(h).
9
Let q(a) = a**3 - 7*a**2 + 7*a + 2. Let s(i) = -8*i + 101. Let d = -152 - -164. Let l be s(d). What is q(l)?
-13
Let j(d) = -3 - 43*d**2 - 16*d**2 - 6*d + 65*d**2 - d**3. What is j(5)?
-8
Let w(l) = -4*l**3 - 6*l + 8*l**2 + 5*l**3 - 304 + 629 - 316. Calculate w(-6).
117
Let i(p) be the first derivative of 2*p**2 - 56*p - 12875. Give i(14).
0
Suppose -4*f + 90 - 74 = 0. Let i(t) = t**2 + 14*t - 6. Let q(j) = -5*j**2 - 60*j + 25. Let s(k) = -9*i(k) - 2*q(k). What is s(f)?
-4
Let x = -4265 - -4284. Let o(z) = z**3 - 18*z**2 - 18*z - 27. What is o(x)?
-8
Suppose 147 = 36*d - 177. Suppose 18*l = d*l. Let s(q) = -q**2 - q + 1. Determine s(l).
1
Let f be 4/44*2 + (-82)/451. Let b(s) = -2*s + 18. Calculate b(f).
18
Suppose 167 = -5*w + 2*q, 2*w = -0*w + 3*q - 69. Let r be (w/(-6) + -4)*2. Let c(a) = 1 + 1 + 1 + 2*a - a**2 + r*a. What is c(7)?
-11
Let l(s) be the second derivative of s**3 + s**2/2 - s. Let p(a) = 1214*a - 3644. Let j be p(3). Calculate l(j).
-11
Let p(q) = -q**2 + 8*q + 55. Suppose -4*t = 5*b - 47, 2*t + 5*b - 34 = -t. Let d be p(t). Let v(z) = z**3 + 11*z**2 + 11*z + 3. Calculate v(d).
-7
Let r(p) be the second derivative of -5*p - 10/3*p**4 + 0 + 0*p**2 - 1/720*p**6 + 0*p**3 + 1/30*p**5. Let f(o) be the third derivative of r(o). Give f(6).
-2
Let x(s) be the first derivative of -s**4/4 + 2*s**3/3 - s**2 + s + 1059. Calculate x(2).
-3
Suppose 11*s = 25*s - 28. Let x(z) = -z**s - 9*z - 6*z + 3 + 9*z. Give x(-6).
3
Let j(p) be the second derivative of 1 + 1/6*p**3 - 38*p - 5/12*p**4 + 0*p**2. What is j(-1)?
-6
Let t(o) be the third derivative of o**8/10080 - o**7/560 + o**6/720 - 43*o**5/30 + o**2 - 21*o. Let g(w) be the third derivative of t(w). What is g(7)?
36
Let z(d) = -42 - d + 2*d**3 + 2*d**2 + 52 - 36 + 54 - 36. Determine z(-3).
-41
Let x(g) = -g**3 + 26*g**2 - 143*g + 51. Let l be x(7). Let k(f) = -62*f - 1180. What is k(l)?
-2
Suppose -3*u + u - 3*q = 0, 4*u - 4*q = -40. Let